-3 + -5 + 0 + 9 + 8.
9
(-3 - -3) + 1 + (5 - 5)
1
What is the value of (8 + -6 - 4) + 2?
0
Evaluate (-3 - -2) + -4 - (-10 - -4).
1
Calculate -1 + 5 + -2 - (-5 + 3).
4
-3 - (-3 - 3) - 9
-6
What is the value of 65 + -68 - (1 + -6)?
2
Calculate -5 + (-10 - -9) + 8.
2
What is 0 - (0 + -2 + 5)?
-3
Calculate 4 - (12 + -11 - (0 - -1)).
4
Evaluate (13 - 17) + 2 + (-1 - -5).
2
2 + -2 - (-1 - 1 - -7)
-5
8 - (-5 + (7 - 5) + 8)
3
Evaluate 7 - 12 - (-2 - (-1 - 1)).
-5
Calculate (-1 - 3) + 13 + -5.
4
Calculate 1 + (1 - ((-2 - -8) + 1)).
-5
Calculate 18 + -9 + 4 - (1 + 5).
7
What is -9 + (12 + 1 - 3)?
1
What is the value of 3 + -4 - -4 - (2 - -1)?
0
5 + 1 + -4 - 3
-1
Evaluate (0 - 2) + (5 - 4).
-1
What is the value of 4 + 0 + -6 + 2 + 0?
0
Calculate 6 + 4 + -7 - 0.
3
Evaluate 7 - (-5 + 8 + 0) - 3.
1
Evaluate 11 + -20 + 2 + 7.
0
Calculate (-17 - (-8 - 4)) + (-1 - -11).
5
Evaluate 8 - (-1 + 20 + -5).
-6
What is the value of -3 - (-3 + 3 - -1)?
-4
What is the value of (2 - 5 - 3) + 7?
1
1 - 5 - (6 + -15 + -1)
6
Calculate (3 - (3 - 0)) + -4 + 1.
-3
-2 - (-6 - -8) - (-2 + 1)
-3
What is the value of 17 + -10 + -14 + (-1 - -3)?
-5
3 - (-4 - (-11 + 0))
-4
What is the value of (18 - 12) + 0 + -5?
1
What is (-2 - -5) + (1 - 9)?
-5
(0 - (1 + 6)) + 6 - 7
-8
1 + (-17 - (-17 + 9))
-8
Evaluate -4 + 8 + -2 + -3 + 3.
2
What is the value of -13 - (0 - (-4 + 12))?
-5
4 + (3 - 6) + -2 + -2
-3
What is -2 - 6 - (0 - 2)?
-6
What is the value of 4 - (1 - (-3 - (0 - 5)))?
5
(-2 - 2) + 8 - 8
-4
What is 0 + -4 - (2 + -3)?
-3
What is the value of 5 + (-5 + -1 - -4)?
3
What is the value of -5 + -2 + 3 - -3?
-1
What is the value of (3 - 6) + 5 + 0 + -5?
-3
What is (-6 - (4 + -11)) + -4?
-3
-4 + (-3 - (-8 - -2)) + -2
-3
Calculate -1 + (-7 - (2 + -16)) + -1.
5
What is the value of (-1 - (0 - -1)) + 3 - 2?
-1
What is the value of 16 + -7 - (-1 + 2 - -4)?
4
What is (-4 - -2) + 4 + -2 - 0?
0
(21 - 14) + 2 + -8
1
What is -1 + 7 + 7 + -13 + 1?
1
Evaluate (0 - 6 - -4) + 1 + 2.
1
What is the value of (-4 - (-2 - -6)) + 0?
-8
What is the value of (7 - (-8 - -11)) + -7?
-3
Evaluate 7 - (3 + (-2 - -5 - 1)).
2
(-5 - 1) + 6 - (-1 - 4)
5
4 + -1 + -16 + 11
-2
What is the value of (-1 - -3) + (-4 - 1)?
-3
Calculate (-1 - (-2 + 6)) + 8.
3
What is the value of 7 + -14 - (2 - -1) - -4?
-6
What is the value of 1 + -6 - (4 + -5 + -5)?
1
What is 2 + 2 + 0 + -13 + 7?
-2
What is 5 + 4 - 7 - -6?
8
What is the value of 6 - (2 + (14 - 12))?
2
Evaluate -1 + (6 - -2 - 0) - 2.
5
What is (-5 - -7 - 0) + 1?
3
What is the value of -4 + (-2 - 2 - -6)?
-2
What is the value of 89 + -98 - (-1 - 5)?
-3
Evaluate 112 - 113 - (0 - 4).
3
What is the value of 14 + -20 + (3 - 4) + 1?
-6
-2 + 14 + -8 - 6
-2
What is -4 + (33 - 14 - 14)?
1
What is the value of (-2 - -3) + 0 + 2 - 4?
-1
(-6 - -1) + (6 + -7 - -4)
-2
Evaluate (3 - -3 - -1) + -6 + -1.
0
(3 - 1 - -2) + -4
0
What is the value of -6 - (7 - 5 - (1 + 2))?
-5
Evaluate (3 + 0 - -1) + -8.
-4
-2 - (4 + -8 - (2 + -4))
0
Evaluate -3 - ((1 - -7) + (-15 - -12)).
-8
Calculate -1 + (-1 - 1 - -6 - 4).
-1
What is 3 + (-2 - 11 - -11)?
1
Calculate (-2 - (5 + -17 - -6)) + 3.
7
What is 7 - (-8 - (-6 + -1) - -4)?
4
Calculate 3 + -2 - -3 - 5.
-1
Evaluate -7 + (-9 - (-4 + -10 + 8)).
-10
Calculate -13 - -18 - (0 - -11).
-6
-1 - (-1 + (5 - 4))
-1
What is 2 + (-7 - 1) + 72 + -72?
-6
Calculate -3 - -8 - (1 + 7).
-3
Calculate -1 + (7 - (1 - -4)).
1
What is the value of (3 - (1 - 0)) + 75 + -75?
2
What is -9 + 4 + -7 + 5?
-7
-1 - -2 - (-3 + 4 + -4)
4
-8 + 6 + (0 - -3) + 1
2
Calculate -15 - -16 - (-1 + 3).
-1
What is the value of -3 - (-7 + 4 + 0)?
0
What is the value of -2 + 8 - (1 - -4)?
1
What is the value of (1 + 4 - 3 - 3) + 1?
0
Calculate -11 - (3 + -3 + 2 + -9).
-4
What is -22 + 33 + -20 + 3?
-6
Evaluate (-2 - (5 + -8 - -1)) + -1.
-1
Evaluate -5 + (0 + 1 + -1 - 0).
-5
What is (42 - 49) + 1 + 9?
3
Calculate -4 - 0 - (-7 - -9).
-6
What is the value of 4 - (-6 - (-2 + -6 + 0))?
2
Calculate 8 - (6 - (1 + (-4 - -5))).
4
Evaluate 2 + -1 + 10 + -17.
-6
Evaluate (-14 - -10) + (6 - 2).
0
(4 - 0 - -4) + -7 + 7
8
What is 7 + 0 + -7 + -6 + -1?
-7
What is 5 - -1 - (-8 + 16)?
-2
What is the value of -5 - (-10 + 7) - -3?
1
Evaluate 5 + (-9 + 2 - -3).
1
What is 2 + 1 - (-5 + 6 + -2)?
4
(1 - -1 - (2 + -1)) + -1
0
(5 - (-4 - -14)) + 3
-2
What is the value of (-5 - (0 - 10)) + -2?
3
Evaluate 1 + (-3 + 8 - 3).
3
What is the value of 1 - (-2 - -1 - 0) - -3?
5
What is 5 - (3 + -1) - 1?
2
What is the value of (1 - -1) + -14 + 14?
2
-5 - ((-4 - 1) + 9 + -8)
-1
3 + -5 + (-3 - (-3 - -2))
-4
-2 + 3 + -2 - 2
-3
What is -7 + 6 - -2 - -1?
2
1 - (-3 - -6) - (1 + 1)
-4
Calculate -1 + -3 + 7 - (-9 - -12).
0
What is the value of (-6 - -3) + (2 - 4)?
-5
What is 1 - (-1 - -3) - -6?
5
Evaluate (3 - 2 - 11) + 2.
-8
Evaluate -3 + (3 - (-4 + 1 + -1)).
4
Calculate (4 - -5) + 2 + 6 + -11.
6
What is the value of -5 - -7 - (-12 + 11)?
3
What is 2 + 1 + -4 + 3 - 0?
2
0 + -1 + -2 + 5 - 3
-1
What is the value of -6 + (-1 - -13) - 3?
3
-3 - (4 - (-6 - -14))
1
Evaluate -3 + (0 - (-4 + 2)).
-1
-4 + (-2 - (2 - 2)) + 12
6
Evaluate (1 - 5) + (-19 - -26).
3
Evaluate 2 + 4 - (4 + -4 + 1).
5
Calculate -1 - 7 - (-5 + 2).
-5
Calculate -4 - (-18 - (-4 + -4)).
6
What is the value of (6 - (6 - -4 - 4)) + -5?
-5
Evaluate 0 + 2 + (11 - (-7 - -16)).
4
3 + -10 + 5 + -1
-3
What is -3 + (-1 + 6 - 6) + 3?
-1
(-3 - (-14 - -27)) + 6
-10
Evaluate -10 - (-14 + 5 - -2).
-3
Calculate -2 + (6 - 1) + -2.
1
Evaluate 2 + 1 - (-1 - -3) - 3.
-2
Calculate 14 - 14 - (0 - (-2 + 1)).
-1
-10 + 11 - (3 + 2)
-4
Evaluate 6 + -3 + -8 + 0 + -2.
-7
What is the value of (1 - (-2 + 9)) + 9?
3
(-10 - -2) + (-62 - -66)
-4
Evaluate -11 - 2 - 0 - (-16 - -9).
-6
What is -4 + (-2 - (-4 + -7 + 4))?
1
3 + (-1 - -4 - 8)
-2
What is 1 - (5 + (-5 - 6) + 6)?
1
What is (-6 + 3 - (-1 + 1)) + 0?
-3
Calculate 2 + (0 - (3 + -2)).
1
What is (27 - 12) + 0 + -9?
6
Evaluate -16 + 0 - (-5 - 4).
-7
What is -1 + (-3 + -5 - -11)?
2
-4 + 4 + 0 + (1 - -2)
3
-2 + (7 - (3 - (3 + -1)))
4
Evaluate 31 + -35 - (-12 - (2 + -4)).
6
Calculate -5 + 7 + 0 + 0 + 3.
5
What is 10 + 2 + (-11 - -3)?
4
What is 7 + -4 + -6 + 2 + 3?
2
What is the value of -7 + (4 - 0) + 8?
5
What is the value of 2 + 10 + (-8 - 0)?
4
1 + -6 + -6 + 8
-3
What is (-11 - -5 - (-1 + -3)) + 4?
2
Evaluate -1 - ((-12 - -6) + -2).
7
What is the value of -1 + 7 + -5 + -3 - -4?
2
What is -6 - (-1 + 4 + -7)?
-2
Calculate 5 - (-10 + 2 + 14).
-1
(2 - 0) + (-30 - -27)
-1
What is 0 - (-3 - (-1 - 0))?
2
-6 + 1 + -2 + 2 + 3
-2
2 + -2 - ((-28 - -14) + 21)
-7
2 + (2 - 3) - (2 - 2)
1
What is 4 - 10 - (-3 - -3)?
-6
Evaluate (8 - 6) + -4 + 2.
0
What is (-6 - -5) + 4 + -3 + 1?
1
Evaluate 0 + 2 - ((-8 - 2) + 12).
0
What is the value of (17 + -20 - (0 + -1)) + 6?
4
What is the value of -1 + 3 + (0 - (2 + 0))?
0
What is the value of -4 + 10 + -5 - 5?
-4
Evaluate -11 + 0 - (43 + -50).
-4
Calculate 3 + -5 - (4 + (-5 - 0)).
-1
What is the value of -3 - (-3 - 1 - -5)?
-4
Calculate -3 + (11 - 4) + -3.
1
Evaluate 3 - (-3 + 0 - -1 - 0).
5
4 + -1 - (0 + -1) - -1
5
What is the value of 7 + -4 + (-5 - -1)?
-1
What is the value of 3 + (-2 - 1) + 0 + -5?
-5
What is 11 - (-18 - -8 - -24)?
-3
Evaluate 9 + -4 + (2 - 5) + 0.
2
10 - 7 - (2 - -6) - -6
1
(-7 - -7) + -4 + 2
-2
-28 + 30 + -8 + 1 + 0
-5
Calculate 11 + -11 - (-3 - 1).
4
Calculate 0 + 7 - (3 - -5).
-1
Evaluate 4 + -3 - -3 - 0 - 9.
-5
What is the value of 4 - 0 - 1 - (0 + 1)?
2
What is -2 - (4 + -1 + -3)?
-2
Evaluate 3 - (5 - 2 - -1).
-1
Calculate 2 - (3 - 0 - (12 - 11)).
0
What is the value of -1 + 4 - -1 - (-56 + 55)?
5
What is the value of (-4 - (-2 + 3)) + 0 - -8?
3
Calculate 0 + 8 - (17 + -7).
-2
Calculate (-2 - -1) + (-4 - (-4 + 0)).
-1
Calculate 1 + -2 + (11 - 9).
1
(5 - ((12 - 5) + -9)) + -7
0
What is -2 - (7 + 0 - 8)?
-1
Evaluate (-2 - -8) + (16 - 25).
-3
Calculate (-4 - -7) + (1 + 0 - -1).
5
What is 0 - (1 - (0 - 2))?
-3
Evaluate 1 + 7 + -5 + -3.
0
What is the value of (-43 - -47) + (-3 - 4) + 1?
-2
Evaluate -4 + 7 + -9 + 6.
0
What is the value of 4 + -1 + 3 + 4 + -5?
5
Calculate -2 + -1 + (-1 - -3 - -1).
0
What is the value of (5 + -7 + -7 - -7) + 2?
0
-2 + (-1 - -3) + (-2 - 3)
-5
9 + -21 + 11 + -6 + 1
-6
What is 1 + -2 + 0 - (-8 - -11)?
-4
Evaluate 56 + -62 - (-8 - -1).
1
Calculate -2 + (-10 - -8) + (2 - 8).
-10
What i